{"id":366,"date":"2025-04-12T15:37:28","date_gmt":"2025-04-12T18:37:28","guid":{"rendered":"https:\/\/system360.com.br\/home\/?page_id=366"},"modified":"2025-04-12T18:15:59","modified_gmt":"2025-04-12T21:15:59","slug":"a-importancia-de-um-crm-na-gestao-empresarial-performance-conformidade-e-produtividade","status":"publish","type":"page","link":"https:\/\/system360.com.br\/home\/a-importancia-de-um-crm-na-gestao-empresarial-performance-conformidade-e-produtividade\/","title":{"rendered":"A Import\u00e2ncia de um CRM na Gest\u00e3o Empresarial: Performance, Conformidade e Produtividade"},"content":{"rendered":"\t\t<div data-elementor-type=\"wp-page\" data-elementor-id=\"366\" class=\"elementor elementor-366\" data-elementor-post-type=\"page\">\n\t\t\t\t<div class=\"elementor-element elementor-element-9176ef4 e-flex e-con-boxed e-con e-parent\" data-id=\"9176ef4\" data-element_type=\"container\" data-e-type=\"container\">\n\t\t\t\t\t<div class=\"e-con-inner\">\n\t\t\t\t<div class=\"elementor-element elementor-element-0cbe6cf elementor-widget elementor-widget-heading\" data-id=\"0cbe6cf\" data-element_type=\"widget\" data-e-type=\"widget\" data-widget_type=\"heading.default\">\n\t\t\t\t<div class=\"elementor-widget-container\">\n\t\t\t\t\t<h2 class=\"elementor-heading-title elementor-size-default\">A Import\u00e2ncia de um CRM na Gest\u00e3o Empresarial: Performance, Conformidade e Produtividade<\/h2>\t\t\t\t<\/div>\n\t\t\t\t<\/div>\n\t\t\t\t<div class=\"elementor-element elementor-element-4e83660 elementor-widget elementor-widget-text-editor\" data-id=\"4e83660\" data-element_type=\"widget\" data-e-type=\"widget\" data-widget_type=\"text-editor.default\">\n\t\t\t\t<div class=\"elementor-widget-container\">\n\t\t\t\t\t\t\t\t\t<p class=\"\" data-start=\"321\" data-end=\"902\">Em um cen\u00e1rio empresarial cada vez mais competitivo e digitalizado, contar com ferramentas estrat\u00e9gicas deixou de ser um diferencial para se tornar uma <strong data-start=\"473\" data-end=\"497\">necessidade absoluta<\/strong>. Nesse contexto, o <strong data-start=\"517\" data-end=\"559\">CRM (Customer Relationship Management)<\/strong> se destaca como uma das solu\u00e7\u00f5es mais importantes para empresas que desejam escalar opera\u00e7\u00f5es, melhorar o relacionamento com seus clientes e garantir conformidade legal, especialmente com legisla\u00e7\u00f5es de prote\u00e7\u00e3o de dados como a <strong data-start=\"788\" data-end=\"829\">LGPD (Lei Geral de Prote\u00e7\u00e3o de Dados)<\/strong> e o <strong data-start=\"834\" data-end=\"901\">GDPR (Regulamento Geral de Prote\u00e7\u00e3o de Dados da Uni\u00e3o Europeia)<\/strong>.<\/p><hr class=\"\" data-start=\"904\" data-end=\"907\" \/><h3 class=\"\" data-start=\"909\" data-end=\"948\">\ud83e\udde0 O Que \u00e9 um CRM e Para Que Serve?<\/h3><p class=\"\" data-start=\"950\" data-end=\"1232\">CRM \u00e9 um sistema que centraliza, organiza e automatiza todas as intera\u00e7\u00f5es entre a empresa e seus clientes \u2014 desde o primeiro contato at\u00e9 o p\u00f3s-venda. Isso inclui hist\u00f3rico de atendimentos, registros de vendas, atividades de marketing, emiss\u00e3o de propostas, contratos, entre outros.<\/p><hr class=\"\" data-start=\"1234\" data-end=\"1237\" \/><h3 class=\"\" data-start=\"1239\" data-end=\"1298\">\ud83d\ude80 Impactos Positivos do CRM na Performance Empresarial<\/h3><ol data-start=\"1300\" data-end=\"2110\"><li class=\"\" data-start=\"1300\" data-end=\"1519\"><p class=\"\" data-start=\"1303\" data-end=\"1519\"><strong data-start=\"1303\" data-end=\"1342\">Centraliza\u00e7\u00e3o de dados estrat\u00e9gicos<\/strong><br data-start=\"1342\" data-end=\"1345\" \/>Um CRM armazena todas as informa\u00e7\u00f5es relevantes em um \u00fanico lugar, o que permite acesso r\u00e1pido, seguro e inteligente aos dados do cliente, otimizando o processo decis\u00f3rio.<\/p><\/li><li class=\"\" data-start=\"1521\" data-end=\"1716\"><p class=\"\" data-start=\"1524\" data-end=\"1716\"><strong data-start=\"1524\" data-end=\"1560\">Aprimoramento do funil de vendas<\/strong><br data-start=\"1560\" data-end=\"1563\" \/>Com um CRM, \u00e9 poss\u00edvel acompanhar cada etapa da jornada do cliente com precis\u00e3o, identificando gargalos, oportunidades de upsell e pontos de melhoria.<\/p><\/li><li class=\"\" data-start=\"1718\" data-end=\"1919\"><p class=\"\" data-start=\"1721\" data-end=\"1919\"><strong data-start=\"1721\" data-end=\"1754\">Redu\u00e7\u00e3o de erros operacionais<\/strong><br data-start=\"1754\" data-end=\"1757\" \/>A automa\u00e7\u00e3o de tarefas rotineiras, como follow-ups, envio de propostas e gera\u00e7\u00e3o de relat\u00f3rios, reduz erros humanos e aumenta a confiabilidade das informa\u00e7\u00f5es.<\/p><\/li><li class=\"\" data-start=\"1921\" data-end=\"2110\"><p class=\"\" data-start=\"1924\" data-end=\"2110\"><strong data-start=\"1924\" data-end=\"1967\">Melhora no relacionamento com o cliente<\/strong><br data-start=\"1967\" data-end=\"1970\" \/>Com hist\u00f3rico completo e atualizado, os atendimentos se tornam mais personalizados e eficientes, aumentando a satisfa\u00e7\u00e3o e a fideliza\u00e7\u00e3o.<\/p><\/li><\/ol><hr class=\"\" data-start=\"2112\" data-end=\"2115\" \/><h3 class=\"\" data-start=\"2117\" data-end=\"2180\">\ud83d\udd10 CRM e Conformidade com a Legisla\u00e7\u00e3o de Prote\u00e7\u00e3o de Dados<\/h3><p class=\"\" data-start=\"2182\" data-end=\"2423\">Desde a entrada em vigor da <strong data-start=\"2210\" data-end=\"2228\">LGPD no Brasil<\/strong> e do <strong data-start=\"2234\" data-end=\"2252\">GDPR na Europa<\/strong>, as empresas passaram a ter responsabilidades mais r\u00edgidas sobre o uso e armazenamento de dados pessoais. Um bom CRM contribui diretamente para esse processo, oferecendo:<\/p><ul data-start=\"2425\" data-end=\"2943\"><li class=\"\" data-start=\"2425\" data-end=\"2578\"><p class=\"\" data-start=\"2427\" data-end=\"2578\"><strong data-start=\"2427\" data-end=\"2472\">Controle de consentimentos e bases legais<\/strong><br data-start=\"2472\" data-end=\"2475\" \/>Permite registrar e rastrear o consentimento do usu\u00e1rio, essencial para o tratamento legal dos dados.<\/p><\/li><li class=\"\" data-start=\"2580\" data-end=\"2751\"><p class=\"\" data-start=\"2582\" data-end=\"2751\"><strong data-start=\"2582\" data-end=\"2636\">Gest\u00e3o de solicita\u00e7\u00f5es de exclus\u00e3o e portabilidade<\/strong><br data-start=\"2636\" data-end=\"2639\" \/>Facilita o atendimento a direitos do titular, como a exclus\u00e3o de dados ou exporta\u00e7\u00e3o das informa\u00e7\u00f5es pessoais.<\/p><\/li><li class=\"\" data-start=\"2753\" data-end=\"2943\"><p class=\"\" data-start=\"2755\" data-end=\"2943\"><strong data-start=\"2755\" data-end=\"2782\">Seguran\u00e7a da informa\u00e7\u00e3o<\/strong><br data-start=\"2782\" data-end=\"2785\" \/>Sistemas de CRM modernos oferecem criptografia, controle de acesso e auditoria de a\u00e7\u00f5es, essenciais para evitar vazamentos e manter a integridade dos dados.<\/p><\/li><\/ul><p class=\"\" data-start=\"2945\" data-end=\"3114\">Utilizar um CRM alinhado \u00e0 legisla\u00e7\u00e3o \u00e9 uma forma de reduzir riscos jur\u00eddicos, proteger a reputa\u00e7\u00e3o da empresa e demonstrar comprometimento com a privacidade do cliente.<\/p><hr class=\"\" data-start=\"3116\" data-end=\"3119\" \/><h3 class=\"\" data-start=\"3121\" data-end=\"3171\">\ud83d\udee0\ufe0f CRM e Aumento da Produtividade Operacional<\/h3><p class=\"\" data-start=\"3173\" data-end=\"3304\">Ao automatizar processos repetitivos e centralizar informa\u00e7\u00f5es, o CRM impacta diretamente na <strong data-start=\"3266\" data-end=\"3292\">efici\u00eancia das equipes<\/strong>. Veja como:<\/p><ul data-start=\"3306\" data-end=\"3640\"><li class=\"\" data-start=\"3306\" data-end=\"3430\"><p class=\"\" data-start=\"3308\" data-end=\"3430\"><strong data-start=\"3308\" data-end=\"3344\">Automa\u00e7\u00e3o de marketing e vendas:<\/strong> campanhas segmentadas, leads nutridos automaticamente e notifica\u00e7\u00f5es de oportunidade.<\/p><\/li><li class=\"\" data-start=\"3431\" data-end=\"3540\"><p class=\"\" data-start=\"3433\" data-end=\"3540\"><strong data-start=\"3433\" data-end=\"3464\">Gest\u00e3o de tarefas e prazos:<\/strong> times mais organizados, com vis\u00e3o clara de responsabilidades e prioridades.<\/p><\/li><li class=\"\" data-start=\"3541\" data-end=\"3640\"><p class=\"\" data-start=\"3543\" data-end=\"3640\"><strong data-start=\"3543\" data-end=\"3585\">Relat\u00f3rios e dashboards em tempo real:<\/strong> tomada de decis\u00e3o baseada em dados, n\u00e3o em suposi\u00e7\u00f5es.<\/p><\/li><\/ul><p class=\"\" data-start=\"3642\" data-end=\"3751\">Esse ganho de produtividade se traduz em <strong data-start=\"3683\" data-end=\"3750\">redu\u00e7\u00e3o de custos, aumento da receita e crescimento sustent\u00e1vel<\/strong>.<\/p><hr class=\"\" data-start=\"3753\" data-end=\"3756\" \/><h3 class=\"\" data-start=\"3758\" data-end=\"3774\">\ud83d\udcca Conclus\u00e3o<\/h3><p class=\"\" data-start=\"3776\" data-end=\"4067\">A ado\u00e7\u00e3o de um sistema CRM n\u00e3o \u00e9 apenas uma solu\u00e7\u00e3o tecnol\u00f3gica \u2014 \u00e9 uma <strong data-start=\"3848\" data-end=\"3901\">estrat\u00e9gia de crescimento empresarial sustent\u00e1vel<\/strong>. Ele fortalece a rela\u00e7\u00e3o com o cliente, melhora a performance das equipes, garante conformidade com as legisla\u00e7\u00f5es de prote\u00e7\u00e3o de dados e potencializa os resultados.<\/p><p class=\"\" data-start=\"4069\" data-end=\"4256\">Em tempos onde a confian\u00e7a do consumidor \u00e9 um ativo valioso, investir em um CRM \u00e9, sem d\u00favida, um passo decisivo para empresas que querem se manter competitivas, organizadas e produtivas.<\/p>\t\t\t\t\t\t\t\t<\/div>\n\t\t\t\t<\/div>\n\t\t\t\t\t<\/div>\n\t\t\t\t<\/div>\n\t\t\t\t<section class=\"elementor-section elementor-top-section elementor-element elementor-element-391cb53 elementor-section-boxed elementor-section-height-default elementor-section-height-default\" data-id=\"391cb53\" data-element_type=\"section\" data-e-type=\"section\" data-settings=\"{&quot;background_background&quot;:&quot;classic&quot;}\">\n\t\t\t\t\t\t\t<div class=\"elementor-background-overlay\"><\/div>\n\t\t\t\t\t\t\t<div class=\"elementor-container elementor-column-gap-default\">\n\t\t\t\t\t<div class=\"elementor-column elementor-col-100 elementor-top-column elementor-element elementor-element-189f994 elementor-invisible\" data-id=\"189f994\" data-element_type=\"column\" data-e-type=\"column\" data-settings=\"{&quot;animation&quot;:&quot;zoomIn&quot;}\">\n\t\t\t<div class=\"elementor-widget-wrap elementor-element-populated\">\n\t\t\t\t\t\t<div class=\"elementor-element elementor-element-e257dfb elementor-widget elementor-widget-heading\" data-id=\"e257dfb\" data-element_type=\"widget\" data-e-type=\"widget\" data-widget_type=\"heading.default\">\n\t\t\t\t<div class=\"elementor-widget-container\">\n\t\t\t\t\t<h2 class=\"elementor-heading-title elementor-size-default\">Experimente o System360 CRM Gratuitamente \u2013 Sem Riscos, Sem Cart\u00e3o!<\/h2>\t\t\t\t<\/div>\n\t\t\t\t<\/div>\n\t\t\t\t<div class=\"elementor-element elementor-element-6166a54 elementor-widget elementor-widget-text-editor\" data-id=\"6166a54\" data-element_type=\"widget\" data-e-type=\"widget\" data-widget_type=\"text-editor.default\">\n\t\t\t\t<div class=\"elementor-widget-container\">\n\t\t\t\t\t\t\t\t\t<p>Descubra todo o potencial do nosso CRM com um teste 100% gratuito.<br data-start=\"218\" data-end=\"221\" \/>Sem necessidade de cart\u00e3o de cr\u00e9dito, sem compromisso \u2013 teste com calma, explore todos os recursos e veja como o System360 pode transformar a gest\u00e3o da sua empresa antes de tomar qualquer decis\u00e3o.<\/p>\t\t\t\t\t\t\t\t<\/div>\n\t\t\t\t<\/div>\n\t\t\t\t<div class=\"elementor-element elementor-element-a133724 elementor-align-center elementor-widget elementor-widget-button\" data-id=\"a133724\" data-element_type=\"widget\" data-e-type=\"widget\" data-widget_type=\"button.default\">\n\t\t\t\t<div class=\"elementor-widget-container\">\n\t\t\t\t\t\t\t\t\t<div class=\"elementor-button-wrapper\">\n\t\t\t\t\t<a class=\"elementor-button elementor-button-link elementor-size-md\" href=\"https:\/\/system360.com.br\/home\/servicos\">\n\t\t\t\t\t\t<span class=\"elementor-button-content-wrapper\">\n\t\t\t\t\t\t\t\t\t<span class=\"elementor-button-text\">testar por 14 dias<\/span>\n\t\t\t\t\t<\/span>\n\t\t\t\t\t<\/a>\n\t\t\t\t<\/div>\n\t\t\t\t\t\t\t\t<\/div>\n\t\t\t\t<\/div>\n\t\t\t\t\t<\/div>\n\t\t<\/div>\n\t\t\t\t\t<\/div>\n\t\t<\/section>\n\t\t\t\t<\/div>\n\t\t","protected":false},"excerpt":{"rendered":"<p>A Import\u00e2ncia de um CRM na Gest\u00e3o Empresarial: Performance, Conformidade e Produtividade Em um cen\u00e1rio empresarial cada vez mais competitivo e digitalizado, contar com ferramentas estrat\u00e9gicas deixou de ser um diferencial para se tornar uma necessidade absoluta. Nesse contexto, o CRM (Customer Relationship Management) se destaca como uma das solu\u00e7\u00f5es mais importantes para empresas que [&hellip;]<\/p>\n","protected":false},"author":1,"featured_media":0,"parent":0,"menu_order":0,"comment_status":"closed","ping_status":"closed","template":"","meta":{"_monsterinsights_skip_tracking":false,"_monsterinsights_sitenote_active":false,"_monsterinsights_sitenote_note":"","_monsterinsights_sitenote_category":0,"_uf_show_specific_survey":0,"_uf_disable_surveys":false,"footnotes":""},"class_list":["post-366","page","type-page","status-publish","hentry"],"aioseo_notices":[],"_links":{"self":[{"href":"https:\/\/system360.com.br\/home\/wp-json\/wp\/v2\/pages\/366","targetHints":{"allow":["GET"]}}],"collection":[{"href":"https:\/\/system360.com.br\/home\/wp-json\/wp\/v2\/pages"}],"about":[{"href":"https:\/\/system360.com.br\/home\/wp-json\/wp\/v2\/types\/page"}],"author":[{"embeddable":true,"href":"https:\/\/system360.com.br\/home\/wp-json\/wp\/v2\/users\/1"}],"replies":[{"embeddable":true,"href":"https:\/\/system360.com.br\/home\/wp-json\/wp\/v2\/comments?post=366"}],"version-history":[{"count":11,"href":"https:\/\/system360.com.br\/home\/wp-json\/wp\/v2\/pages\/366\/revisions"}],"predecessor-version":[{"id":493,"href":"https:\/\/system360.com.br\/home\/wp-json\/wp\/v2\/pages\/366\/revisions\/493"}],"wp:attachment":[{"href":"https:\/\/system360.com.br\/home\/wp-json\/wp\/v2\/media?parent=366"}],"curies":[{"name":"wp","href":"https:\/\/api.w.org\/{rel}","templated":true}]}}