{"id":430,"date":"2025-04-12T16:47:50","date_gmt":"2025-04-12T19:47:50","guid":{"rendered":"https:\/\/system360.com.br\/home\/?page_id=430"},"modified":"2025-05-11T09:31:00","modified_gmt":"2025-05-11T12:31:00","slug":"a-importancia-da-gestao-de-leads-e-do-funil-de-vendas-para-o-crescimento-empresarial","status":"publish","type":"page","link":"https:\/\/system360.com.br\/home\/a-importancia-da-gestao-de-leads-e-do-funil-de-vendas-para-o-crescimento-empresarial\/","title":{"rendered":"A Import\u00e2ncia da Gest\u00e3o de Leads e do Funil de Vendas para o Crescimento Empresarial"},"content":{"rendered":"\t\t<div data-elementor-type=\"wp-page\" data-elementor-id=\"430\" class=\"elementor elementor-430\" data-elementor-post-type=\"page\">\n\t\t\t\t<div class=\"elementor-element elementor-element-36d8421 e-flex e-con-boxed e-con e-parent\" data-id=\"36d8421\" data-element_type=\"container\" data-e-type=\"container\">\n\t\t\t\t\t<div class=\"e-con-inner\">\n\t\t\t\t<div class=\"elementor-element elementor-element-e03e478 elementor-widget elementor-widget-heading\" data-id=\"e03e478\" data-element_type=\"widget\" data-e-type=\"widget\" data-widget_type=\"heading.default\">\n\t\t\t\t<div class=\"elementor-widget-container\">\n\t\t\t\t\t<h2 class=\"elementor-heading-title elementor-size-default\">A Import\u00e2ncia da Gest\u00e3o de Leads e do Funil de Vendas para o Crescimento Empresarial<\/h2>\t\t\t\t<\/div>\n\t\t\t\t<\/div>\n\t\t\t\t<div class=\"elementor-element elementor-element-8b9fd93 elementor-widget elementor-widget-text-editor\" data-id=\"8b9fd93\" data-element_type=\"widget\" data-e-type=\"widget\" data-widget_type=\"text-editor.default\">\n\t\t\t\t<div class=\"elementor-widget-container\">\n\t\t\t\t\t\t\t\t\t<p class=\"\" data-start=\"318\" data-end=\"712\">Em um mercado cada vez mais orientado por dados e hiperconectado, a <strong data-start=\"386\" data-end=\"448\">forma como as empresas atraem, nutrem e convertem clientes<\/strong> precisa ser estrat\u00e9gica, automatizada e baseada em processos bem definidos. Nesse contexto, a <strong data-start=\"543\" data-end=\"600\">gest\u00e3o de leads aliada a um funil de vendas eficiente<\/strong> se torna um dos pilares mais importantes para empresas que desejam crescer de maneira previs\u00edvel e sustent\u00e1vel.<\/p><p class=\"\" data-start=\"714\" data-end=\"887\">Mas, afinal, o que significa gerenciar leads corretamente? Qual \u00e9 o papel do funil de vendas? E como esses dois elementos impactam diretamente nos resultados da sua empresa?<\/p><hr class=\"\" data-start=\"889\" data-end=\"892\" \/><h3 class=\"\" data-start=\"894\" data-end=\"927\">\ud83d\udd0d O Que \u00e9 a Gest\u00e3o de Leads?<\/h3><p class=\"\" data-start=\"929\" data-end=\"1286\">A <strong data-start=\"931\" data-end=\"950\">gest\u00e3o de leads<\/strong> \u00e9 o conjunto de pr\u00e1ticas voltadas para <strong data-start=\"990\" data-end=\"1061\">captar, qualificar, nutrir e acompanhar potenciais clientes (leads)<\/strong> ao longo da jornada de compra. Esse processo envolve o uso de ferramentas, como CRMs, landing pages, automa\u00e7\u00e3o de marketing e an\u00e1lise de dados, com o objetivo de transformar interesse em oportunidade e oportunidade em venda.<\/p><blockquote data-start=\"1288\" data-end=\"1384\"><p class=\"\" data-start=\"1290\" data-end=\"1384\">Um lead bem gerenciado \u00e9 um cliente em potencial com altas chances de convers\u00e3o e fideliza\u00e7\u00e3o.<\/p><\/blockquote><hr class=\"\" data-start=\"1386\" data-end=\"1389\" \/><h3 class=\"\" data-start=\"1391\" data-end=\"1425\">\ud83e\udded O Que \u00e9 um Funil de Vendas?<\/h3><p class=\"\" data-start=\"1427\" data-end=\"1611\">O <strong data-start=\"1429\" data-end=\"1448\">funil de vendas<\/strong> \u00e9 a representa\u00e7\u00e3o visual das etapas que um lead percorre desde o primeiro contato com a empresa at\u00e9 o fechamento da venda (e al\u00e9m). Ele normalmente \u00e9 dividido em:<\/p><ul data-start=\"1613\" data-end=\"1790\"><li class=\"\" data-start=\"1613\" data-end=\"1669\"><p class=\"\" data-start=\"1615\" data-end=\"1669\"><strong data-start=\"1615\" data-end=\"1639\">Topo do funil (ToFu)<\/strong>: Atra\u00e7\u00e3o e gera\u00e7\u00e3o de leads<\/p><\/li><li class=\"\" data-start=\"1670\" data-end=\"1736\"><p class=\"\" data-start=\"1672\" data-end=\"1736\"><strong data-start=\"1672\" data-end=\"1696\">Meio do funil (MoFu)<\/strong>: Nutri\u00e7\u00e3o, qualifica\u00e7\u00e3o e engajamento<\/p><\/li><li class=\"\" data-start=\"1737\" data-end=\"1790\"><p class=\"\" data-start=\"1739\" data-end=\"1790\"><strong data-start=\"1739\" data-end=\"1764\">Fundo do funil (BoFu)<\/strong>: Convers\u00e3o e fechamento<\/p><\/li><\/ul><p class=\"\" data-start=\"1792\" data-end=\"1980\">Gerenciar esse funil \u00e9 essencial para entender <strong data-start=\"1839\" data-end=\"1870\">onde est\u00e3o as oportunidades<\/strong>, <strong data-start=\"1872\" data-end=\"1914\">quais leads est\u00e3o prontos para comprar<\/strong> e <strong data-start=\"1917\" data-end=\"1979\">quais ainda precisam de mais informa\u00e7\u00f5es ou relacionamento<\/strong>.<\/p><hr class=\"\" data-start=\"1982\" data-end=\"1985\" \/><h3 class=\"\" data-start=\"1987\" data-end=\"2055\">\ud83d\ude80 Por Que a Gest\u00e3o de Leads e o Funil de Vendas S\u00e3o Essenciais?<\/h3><h4 class=\"\" data-start=\"2057\" data-end=\"2100\">1. <strong data-start=\"2065\" data-end=\"2100\">Aumentam a Efici\u00eancia Comercial<\/strong><\/h4><p class=\"\" data-start=\"2101\" data-end=\"2300\">Quando voc\u00ea entende em que est\u00e1gio o lead est\u00e1, sua equipe n\u00e3o desperdi\u00e7a tempo com contatos frios ou mal preparados. A comunica\u00e7\u00e3o se torna personalizada, direta e com muito mais chances de sucesso.<\/p><h4 class=\"\" data-start=\"2302\" data-end=\"2352\">2. <strong data-start=\"2310\" data-end=\"2352\">Permitem Previsibilidade de Resultados<\/strong><\/h4><p class=\"\" data-start=\"2353\" data-end=\"2566\">Com um funil bem estruturado, \u00e9 poss\u00edvel analisar m\u00e9tricas como <strong data-start=\"2417\" data-end=\"2448\">taxa de convers\u00e3o por etapa<\/strong>, <strong data-start=\"2450\" data-end=\"2479\">tempo m\u00e9dio de fechamento<\/strong> e <strong data-start=\"2482\" data-end=\"2500\">custo por lead<\/strong>, ajudando a <strong data-start=\"2513\" data-end=\"2535\">prever faturamento<\/strong> e tomar decis\u00f5es estrat\u00e9gicas.<\/p><h4 class=\"\" data-start=\"2568\" data-end=\"2619\">3. <strong data-start=\"2576\" data-end=\"2619\">Melhoram o Relacionamento com o Cliente<\/strong><\/h4><p class=\"\" data-start=\"2620\" data-end=\"2799\">Leads que s\u00e3o nutridos com conte\u00fado relevante ao longo do funil tendem a confiar mais na empresa, <strong data-start=\"2718\" data-end=\"2740\">reduzindo obje\u00e7\u00f5es<\/strong> no momento da compra e aumentando a chance de fideliza\u00e7\u00e3o.<\/p><h4 class=\"\" data-start=\"2801\" data-end=\"2842\">4. <strong data-start=\"2809\" data-end=\"2842\">Ajudam a Identificar Gargalos<\/strong><\/h4><p class=\"\" data-start=\"2843\" data-end=\"3016\">Se muitos leads est\u00e3o travados no meio do funil, por exemplo, isso pode indicar que sua nutri\u00e7\u00e3o de conte\u00fado est\u00e1 falhando ou que sua proposta de valor precisa ser ajustada.<\/p><h4 class=\"\" data-start=\"3018\" data-end=\"3080\">5. <strong data-start=\"3026\" data-end=\"3080\">Potencializam o Retorno Sobre o Investimento (ROI)<\/strong><\/h4><p class=\"\" data-start=\"3081\" data-end=\"3290\">Investir em tr\u00e1fego pago, inbound marketing ou prospec\u00e7\u00e3o ativa sem um processo de gest\u00e3o de leads e funil \u00e9 como jogar dinheiro fora. A gest\u00e3o organizada garante <strong data-start=\"3244\" data-end=\"3289\">melhor aproveitamento de cada lead gerado<\/strong>.<\/p><hr class=\"\" data-start=\"3292\" data-end=\"3295\" \/><h3 class=\"\" data-start=\"3297\" data-end=\"3346\">\ud83d\udcc8 Integra\u00e7\u00e3o com CRM: O Segredo para Escalar<\/h3><p class=\"\" data-start=\"3348\" data-end=\"3640\">Um CRM completo permite <strong data-start=\"3372\" data-end=\"3410\">centralizar toda a jornada do lead<\/strong>, desde o primeiro clique at\u00e9 o fechamento da venda. Al\u00e9m disso, facilita a automa\u00e7\u00e3o de tarefas, o disparo de mensagens em momentos estrat\u00e9gicos e o acompanhamento de resultados com dashboards visuais e atualizados em tempo real.<\/p><p class=\"\" data-start=\"3642\" data-end=\"3790\">Com o CRM, a empresa transforma o funil de vendas em um <strong data-start=\"3698\" data-end=\"3733\">motor previs\u00edvel de crescimento<\/strong>, ajustando suas estrat\u00e9gias com base em dados concretos.<\/p><hr class=\"\" data-start=\"3792\" data-end=\"3795\" \/><h3 class=\"\" data-start=\"3797\" data-end=\"3845\">\ud83d\udd10 Gest\u00e3o de Leads e Conformidade com a LGPD<\/h3><p class=\"\" data-start=\"3847\" data-end=\"4037\">Outro ponto crucial \u00e9 a <strong data-start=\"3871\" data-end=\"3915\">gest\u00e3o \u00e9tica e legal dos dados dos leads<\/strong>. Com a LGPD em vigor, \u00e9 fundamental armazenar, processar e utilizar dados com o <strong data-start=\"3996\" data-end=\"4024\">consentimento do titular<\/strong>, garantindo:<\/p><ul data-start=\"4038\" data-end=\"4136\"><li class=\"\" data-start=\"4038\" data-end=\"4067\"><p class=\"\" data-start=\"4040\" data-end=\"4067\">Transpar\u00eancia nos processos<\/p><\/li><li class=\"\" data-start=\"4068\" data-end=\"4093\"><p class=\"\" data-start=\"4070\" data-end=\"4093\">Seguran\u00e7a da informa\u00e7\u00e3o<\/p><\/li><li class=\"\" data-start=\"4094\" data-end=\"4136\"><p class=\"\" data-start=\"4096\" data-end=\"4136\">Reputa\u00e7\u00e3o positiva da empresa no mercado<\/p><\/li><\/ul><p class=\"\" data-start=\"4138\" data-end=\"4311\">Um bom CRM ou sistema de automa\u00e7\u00e3o ajuda a <strong data-start=\"4181\" data-end=\"4209\">gerenciar consentimentos<\/strong>, aplicar pol\u00edticas de privacidade e atender solicita\u00e7\u00f5es de exclus\u00e3o ou portabilidade com facilidade.<\/p><hr class=\"\" data-start=\"4313\" data-end=\"4316\" \/><h3 class=\"\" data-start=\"4318\" data-end=\"4334\">\ud83c\udfc1 Conclus\u00e3o<\/h3><p class=\"\" data-start=\"4336\" data-end=\"4680\">Empresas que investem na <strong data-start=\"4361\" data-end=\"4440\">gest\u00e3o estrat\u00e9gica de leads e no gerenciamento eficiente do funil de vendas<\/strong> t\u00eam uma vantagem competitiva clara. Elas vendem mais, com menor esfor\u00e7o, maior previsibilidade e menor custo de aquisi\u00e7\u00e3o. Al\u00e9m disso, constroem <strong data-start=\"4586\" data-end=\"4635\">relacionamentos mais fortes com seus clientes<\/strong>, baseados em confian\u00e7a, valor e experi\u00eancia.<\/p><p class=\"\" data-start=\"4682\" data-end=\"4926\">Se a sua empresa ainda n\u00e3o tem esse processo estruturado, este \u00e9 o momento certo para come\u00e7ar. Com as ferramentas e pr\u00e1ticas adequadas, \u00e9 poss\u00edvel transformar <strong data-start=\"4841\" data-end=\"4873\">leads em oportunidades reais<\/strong> \u2014 e oportunidades em <strong data-start=\"4895\" data-end=\"4925\">resultados extraordin\u00e1rios<\/strong>.<\/p>\t\t\t\t\t\t\t\t<\/div>\n\t\t\t\t<\/div>\n\t\t\t\t\t<\/div>\n\t\t\t\t<\/div>\n\t\t\t\t<section class=\"elementor-section elementor-top-section elementor-element elementor-element-1c789d3 elementor-section-boxed elementor-section-height-default elementor-section-height-default\" data-id=\"1c789d3\" data-element_type=\"section\" data-e-type=\"section\" data-settings=\"{&quot;background_background&quot;:&quot;classic&quot;}\">\n\t\t\t\t\t\t\t<div class=\"elementor-background-overlay\"><\/div>\n\t\t\t\t\t\t\t<div class=\"elementor-container elementor-column-gap-default\">\n\t\t\t\t\t<div class=\"elementor-column elementor-col-100 elementor-top-column elementor-element elementor-element-da53945 elementor-invisible\" data-id=\"da53945\" data-element_type=\"column\" data-e-type=\"column\" data-settings=\"{&quot;animation&quot;:&quot;zoomIn&quot;}\">\n\t\t\t<div class=\"elementor-widget-wrap elementor-element-populated\">\n\t\t\t\t\t\t<div class=\"elementor-element elementor-element-8d8d86c elementor-widget elementor-widget-heading\" data-id=\"8d8d86c\" data-element_type=\"widget\" data-e-type=\"widget\" data-widget_type=\"heading.default\">\n\t\t\t\t<div class=\"elementor-widget-container\">\n\t\t\t\t\t<h2 class=\"elementor-heading-title elementor-size-default\">Experimente o System360 CRM Gratuitamente \u2013 Sem Riscos, Sem Cart\u00e3o!<\/h2>\t\t\t\t<\/div>\n\t\t\t\t<\/div>\n\t\t\t\t<div class=\"elementor-element elementor-element-bf9d6a0 elementor-widget elementor-widget-text-editor\" data-id=\"bf9d6a0\" data-element_type=\"widget\" data-e-type=\"widget\" data-widget_type=\"text-editor.default\">\n\t\t\t\t<div class=\"elementor-widget-container\">\n\t\t\t\t\t\t\t\t\t<p>Descubra todo o potencial do nosso CRM com um teste 100% gratuito.<br data-start=\"218\" data-end=\"221\" \/>Sem necessidade de cart\u00e3o de cr\u00e9dito, sem compromisso \u2013 teste com calma, explore todos os recursos e veja como o System360 pode transformar a gest\u00e3o da sua empresa antes de tomar qualquer decis\u00e3o.<\/p>\t\t\t\t\t\t\t\t<\/div>\n\t\t\t\t<\/div>\n\t\t\t\t<div class=\"elementor-element elementor-element-2af8f63 elementor-align-center elementor-widget elementor-widget-button\" data-id=\"2af8f63\" data-element_type=\"widget\" data-e-type=\"widget\" data-widget_type=\"button.default\">\n\t\t\t\t<div class=\"elementor-widget-container\">\n\t\t\t\t\t\t\t\t\t<div class=\"elementor-button-wrapper\">\n\t\t\t\t\t<a class=\"elementor-button elementor-button-link elementor-size-md\" href=\"https:\/\/system360.com.br\/home\/servicos\">\n\t\t\t\t\t\t<span class=\"elementor-button-content-wrapper\">\n\t\t\t\t\t\t\t\t\t<span class=\"elementor-button-text\">testar por 14 dias<\/span>\n\t\t\t\t\t<\/span>\n\t\t\t\t\t<\/a>\n\t\t\t\t<\/div>\n\t\t\t\t\t\t\t\t<\/div>\n\t\t\t\t<\/div>\n\t\t\t\t\t<\/div>\n\t\t<\/div>\n\t\t\t\t\t<\/div>\n\t\t<\/section>\n\t\t\t\t<\/div>\n\t\t","protected":false},"excerpt":{"rendered":"<p>A Import\u00e2ncia da Gest\u00e3o de Leads e do Funil de Vendas para o Crescimento Empresarial Em um mercado cada vez mais orientado por dados e hiperconectado, a forma como as empresas atraem, nutrem e convertem clientes precisa ser estrat\u00e9gica, automatizada e baseada em processos bem definidos. Nesse contexto, a gest\u00e3o de leads aliada a um [&hellip;]<\/p>\n","protected":false},"author":1,"featured_media":0,"parent":0,"menu_order":0,"comment_status":"closed","ping_status":"closed","template":"","meta":{"_monsterinsights_skip_tracking":false,"_monsterinsights_sitenote_active":false,"_monsterinsights_sitenote_note":"","_monsterinsights_sitenote_category":0,"_uf_show_specific_survey":0,"_uf_disable_surveys":false,"footnotes":""},"class_list":["post-430","page","type-page","status-publish","hentry"],"aioseo_notices":[],"_links":{"self":[{"href":"https:\/\/system360.com.br\/home\/wp-json\/wp\/v2\/pages\/430","targetHints":{"allow":["GET"]}}],"collection":[{"href":"https:\/\/system360.com.br\/home\/wp-json\/wp\/v2\/pages"}],"about":[{"href":"https:\/\/system360.com.br\/home\/wp-json\/wp\/v2\/types\/page"}],"author":[{"embeddable":true,"href":"https:\/\/system360.com.br\/home\/wp-json\/wp\/v2\/users\/1"}],"replies":[{"embeddable":true,"href":"https:\/\/system360.com.br\/home\/wp-json\/wp\/v2\/comments?post=430"}],"version-history":[{"count":8,"href":"https:\/\/system360.com.br\/home\/wp-json\/wp\/v2\/pages\/430\/revisions"}],"predecessor-version":[{"id":1046,"href":"https:\/\/system360.com.br\/home\/wp-json\/wp\/v2\/pages\/430\/revisions\/1046"}],"wp:attachment":[{"href":"https:\/\/system360.com.br\/home\/wp-json\/wp\/v2\/media?parent=430"}],"curies":[{"name":"wp","href":"https:\/\/api.w.org\/{rel}","templated":true}]}}