{"id":518,"date":"2025-04-12T19:00:58","date_gmt":"2025-04-12T22:00:58","guid":{"rendered":"https:\/\/system360.com.br\/home\/?page_id=518"},"modified":"2025-05-11T09:48:53","modified_gmt":"2025-05-11T12:48:53","slug":"tutoriais","status":"publish","type":"page","link":"https:\/\/system360.com.br\/home\/tutoriais\/","title":{"rendered":"Tutoriais"},"content":{"rendered":"\t\t<div data-elementor-type=\"wp-page\" data-elementor-id=\"518\" class=\"elementor elementor-518\" data-elementor-post-type=\"page\">\n\t\t\t\t<div class=\"elementor-element elementor-element-36d8421 e-flex e-con-boxed e-con e-parent\" data-id=\"36d8421\" data-element_type=\"container\" data-e-type=\"container\">\n\t\t\t\t\t<div class=\"e-con-inner\">\n\t\t\t\t<div class=\"elementor-element elementor-element-e03e478 elementor-widget elementor-widget-heading\" data-id=\"e03e478\" data-element_type=\"widget\" data-e-type=\"widget\" data-widget_type=\"heading.default\">\n\t\t\t\t<div class=\"elementor-widget-container\">\n\t\t\t\t\t<h2 class=\"elementor-heading-title elementor-size-default\">Em breve: Tutoriais completos para voc\u00ea aproveitar tudo do nosso CRM!<\/h2>\t\t\t\t<\/div>\n\t\t\t\t<\/div>\n\t\t\t\t<div class=\"elementor-element elementor-element-8b9fd93 elementor-widget elementor-widget-text-editor\" data-id=\"8b9fd93\" data-element_type=\"widget\" data-e-type=\"widget\" data-widget_type=\"text-editor.default\">\n\t\t\t\t<div class=\"elementor-widget-container\">\n\t\t\t\t\t\t\t\t\t<p class=\"\" data-start=\"245\" data-end=\"402\">Estamos preparando <strong data-start=\"264\" data-end=\"311\">conte\u00fados pr\u00e1ticos, diretos e passo a passo<\/strong> para te ajudar a <strong data-start=\"329\" data-end=\"401\">tirar o m\u00e1ximo proveito de todas as funcionalidades do System360 CRM<\/strong>.<\/p><p class=\"\" data-start=\"404\" data-end=\"443\">Voc\u00ea poder\u00e1 acompanhar tutoriais sobre:<\/p><ul data-start=\"444\" data-end=\"606\"><li class=\"\" data-start=\"444\" data-end=\"468\"><p class=\"\" data-start=\"446\" data-end=\"468\">Configura\u00e7\u00f5es iniciais<\/p><\/li><li class=\"\" data-start=\"469\" data-end=\"504\"><p class=\"\" data-start=\"471\" data-end=\"504\">Gest\u00e3o de leads e funil de vendas<\/p><\/li><li class=\"\" data-start=\"505\" data-end=\"543\"><p class=\"\" data-start=\"507\" data-end=\"543\">Faturamento e automa\u00e7\u00f5es financeiras<\/p><\/li><li class=\"\" data-start=\"544\" data-end=\"590\"><p class=\"\" data-start=\"546\" data-end=\"590\">Suporte ao cliente e produtividade da equipe<\/p><\/li><li class=\"\" data-start=\"591\" data-end=\"606\"><p class=\"\" data-start=\"593\" data-end=\"606\">E muito mais!<\/p><\/li><\/ul><p class=\"\" data-start=\"608\" data-end=\"751\">\ud83d\udd04 <strong data-start=\"611\" data-end=\"644\">Aguarde s\u00f3 mais um pouquinho!<\/strong><br data-start=\"644\" data-end=\"647\" \/>Estamos trabalhando para entregar <strong data-start=\"681\" data-end=\"750\">o melhor conte\u00fado com a qualidade e seriedade que voc\u00ea j\u00e1 conhece<\/strong>.<\/p><p class=\"\" data-start=\"753\" data-end=\"893\">Fique de olho em nossos canais. Em breve, voc\u00ea ter\u00e1 todo o suporte necess\u00e1rio para explorar o poder do nosso CRM com autonomia e efici\u00eancia.<\/p><p class=\"\" data-start=\"895\" data-end=\"997\">\ud83d\udce9 D\u00favidas ou sugest\u00f5es? Fale com a gente: <a rel=\"noopener\" data-start=\"938\" data-end=\"997\">contato@system360.com.br<\/a><\/p>\t\t\t\t\t\t\t\t<\/div>\n\t\t\t\t<\/div>\n\t\t\t\t\t<\/div>\n\t\t\t\t<\/div>\n\t\t\t\t<section class=\"elementor-section elementor-top-section elementor-element elementor-element-1c789d3 elementor-section-boxed elementor-section-height-default elementor-section-height-default\" data-id=\"1c789d3\" data-element_type=\"section\" data-e-type=\"section\" data-settings=\"{&quot;background_background&quot;:&quot;classic&quot;}\">\n\t\t\t\t\t\t\t<div class=\"elementor-background-overlay\"><\/div>\n\t\t\t\t\t\t\t<div class=\"elementor-container elementor-column-gap-default\">\n\t\t\t\t\t<div class=\"elementor-column elementor-col-100 elementor-top-column elementor-element elementor-element-da53945 elementor-invisible\" data-id=\"da53945\" data-element_type=\"column\" data-e-type=\"column\" data-settings=\"{&quot;animation&quot;:&quot;zoomIn&quot;}\">\n\t\t\t<div class=\"elementor-widget-wrap elementor-element-populated\">\n\t\t\t\t\t\t<div class=\"elementor-element elementor-element-8d8d86c elementor-widget elementor-widget-heading\" data-id=\"8d8d86c\" data-element_type=\"widget\" data-e-type=\"widget\" data-widget_type=\"heading.default\">\n\t\t\t\t<div class=\"elementor-widget-container\">\n\t\t\t\t\t<h2 class=\"elementor-heading-title elementor-size-default\">Experimente o System360 CRM Gratuitamente \u2013 Sem Riscos, Sem Cart\u00e3o!<\/h2>\t\t\t\t<\/div>\n\t\t\t\t<\/div>\n\t\t\t\t<div class=\"elementor-element elementor-element-bf9d6a0 elementor-widget elementor-widget-text-editor\" data-id=\"bf9d6a0\" data-element_type=\"widget\" data-e-type=\"widget\" data-widget_type=\"text-editor.default\">\n\t\t\t\t<div class=\"elementor-widget-container\">\n\t\t\t\t\t\t\t\t\t<p>Descubra todo o potencial do nosso CRM com um teste 100% gratuito.<br data-start=\"218\" data-end=\"221\" \/>Sem necessidade de cart\u00e3o de cr\u00e9dito, sem compromisso \u2013 teste com calma, explore todos os recursos e veja como o System360 pode transformar a gest\u00e3o da sua empresa antes de tomar qualquer decis\u00e3o.<\/p>\t\t\t\t\t\t\t\t<\/div>\n\t\t\t\t<\/div>\n\t\t\t\t<div class=\"elementor-element elementor-element-2af8f63 elementor-align-center elementor-widget elementor-widget-button\" data-id=\"2af8f63\" data-element_type=\"widget\" data-e-type=\"widget\" data-widget_type=\"button.default\">\n\t\t\t\t<div class=\"elementor-widget-container\">\n\t\t\t\t\t\t\t\t\t<div class=\"elementor-button-wrapper\">\n\t\t\t\t\t<a class=\"elementor-button elementor-button-link elementor-size-md\" href=\"https:\/\/system360.com.br\/home\/servicos\">\n\t\t\t\t\t\t<span class=\"elementor-button-content-wrapper\">\n\t\t\t\t\t\t\t\t\t<span class=\"elementor-button-text\">testar por 14 dias<\/span>\n\t\t\t\t\t<\/span>\n\t\t\t\t\t<\/a>\n\t\t\t\t<\/div>\n\t\t\t\t\t\t\t\t<\/div>\n\t\t\t\t<\/div>\n\t\t\t\t\t<\/div>\n\t\t<\/div>\n\t\t\t\t\t<\/div>\n\t\t<\/section>\n\t\t\t\t<\/div>\n\t\t","protected":false},"excerpt":{"rendered":"<p>Em breve: Tutoriais completos para voc\u00ea aproveitar tudo do nosso CRM! Estamos preparando conte\u00fados pr\u00e1ticos, diretos e passo a passo para te ajudar a tirar o m\u00e1ximo proveito de todas as funcionalidades do System360 CRM. Voc\u00ea poder\u00e1 acompanhar tutoriais sobre: Configura\u00e7\u00f5es iniciais Gest\u00e3o de leads e funil de vendas Faturamento e automa\u00e7\u00f5es financeiras Suporte ao [&hellip;]<\/p>\n","protected":false},"author":1,"featured_media":0,"parent":0,"menu_order":0,"comment_status":"closed","ping_status":"closed","template":"","meta":{"_monsterinsights_skip_tracking":false,"_monsterinsights_sitenote_active":false,"_monsterinsights_sitenote_note":"","_monsterinsights_sitenote_category":0,"_uf_show_specific_survey":0,"_uf_disable_surveys":false,"footnotes":""},"class_list":["post-518","page","type-page","status-publish","hentry"],"aioseo_notices":[],"_links":{"self":[{"href":"https:\/\/system360.com.br\/home\/wp-json\/wp\/v2\/pages\/518","targetHints":{"allow":["GET"]}}],"collection":[{"href":"https:\/\/system360.com.br\/home\/wp-json\/wp\/v2\/pages"}],"about":[{"href":"https:\/\/system360.com.br\/home\/wp-json\/wp\/v2\/types\/page"}],"author":[{"embeddable":true,"href":"https:\/\/system360.com.br\/home\/wp-json\/wp\/v2\/users\/1"}],"replies":[{"embeddable":true,"href":"https:\/\/system360.com.br\/home\/wp-json\/wp\/v2\/comments?post=518"}],"version-history":[{"count":6,"href":"https:\/\/system360.com.br\/home\/wp-json\/wp\/v2\/pages\/518\/revisions"}],"predecessor-version":[{"id":1104,"href":"https:\/\/system360.com.br\/home\/wp-json\/wp\/v2\/pages\/518\/revisions\/1104"}],"wp:attachment":[{"href":"https:\/\/system360.com.br\/home\/wp-json\/wp\/v2\/media?parent=518"}],"curies":[{"name":"wp","href":"https:\/\/api.w.org\/{rel}","templated":true}]}}